at are the prime factors of (0 - k)*(-25)/(-2)?
5
Suppose -79*k - 15 = -76*k. Let y(d) = -23*d + 14. List the prime factors of y(k).
3, 43
Let w(q) = 7*q**2 - 10*q + 4. Let v = 13 + -10. List the prime factors of w(v).
37
Suppose -4*x - 5*r = -0*x + 620, 0 = 5*x - r + 804. Let d = x - -459. List the prime factors of d.
13, 23
Suppose -4*p + 8*p + 6503 = 5*w, -2*w + 2591 = -5*p. What are the prime factors of w?
1303
Let z(x) = x**2 + 6*x + 8. Let a be z(-8). Let l = a - 21. Suppose -3*p = -l*k + 117, 0 = -2*k - p - 0*p + 87. List the prime factors of k.
2, 3, 7
Suppose 15*d - 51717 = -10242. What are the prime factors of d?
5, 7, 79
Let t = -36 - -30. Let r = 18 - 36. What are the prime factors of (-870)/r - (-2)/t?
2, 3
Suppose 4*s + 2*f = 7*f + 8818, 5*s - 4*f = 11027. List the prime factors of s.
2207
Suppose f - 18 = -s, -s = 4*f - 6*f - 12. What are the prime factors of 10/s*226 + (-3)/(-4)?
2, 71
Let v = 3731 + -1669. List the prime factors of v.
2, 1031
Suppose -7*w - 6657 + 23562 = 0. What are the prime factors of w?
3, 5, 7, 23
Let b = 3060 + -1017. What are the prime factors of b?
3, 227
Let x be 2 + 0 - (-3 - 0). Let m be 4/(-10) + 197/x. Suppose 2*f - m + 7 = 0. List the prime factors of f.
2
Suppose -5*o + 5*w + 15 = 0, -o + 0 = 4*w + 7. Suppose 0 = -m - o + 16. List the prime factors of m.
3, 5
Let f = -155 - -107. List the prime factors of f*2/(2 - 3).
2, 3
Let x(i) = 9*i**2. Let t be -3*3*(-5)/15. What are the prime factors of x(t)?
3
Let p(k) = -5*k + 4 - 12*k + 26*k - 12*k. Let b be p(-3). Suppose 4*v = 2*t + 12, -9 = -5*v - t + b. List the prime factors of v.
2
Let u = -13 + 11. Let r be (-3)/(u + 1/2). Suppose r*h = 20 + 2. What are the prime factors of h?
11
Let f(g) = g**2 - 7*g + 12. Suppose 0*s - 3 = -s. Let x(b) = 3*b. Let v be x(s). What are the prime factors of f(v)?
2, 3, 5
Suppose -4*i = c - 22, 2*c - 5*c - 9 = -3*i. Suppose 4*t + 4*d - 102 = c*t, -4*d = -4*t + 192. List the prime factors of t.
7
Let n = 54 - -102. Suppose 2*o - i - 3*i = n, 0 = -4*o - 5*i + 377. List the prime factors of o.
2, 11
Suppose 10 = -4*q - 2. Let i(p) = 5*p**2 - 7*p - 3. What are the prime factors of i(q)?
3, 7
Suppose 9*b - 15 = 4*b. Let l be -7 + b - 1 - -3. What are the prime factors of ((-363)/22)/(1/l)?
3, 11
Let m(p) = -p + 6. Let o be 7 + 6*(-3)/6. Let d be -5 - (1 - -3) - o. List the prime factors of m(d).
19
What are the prime factors of (19278/12)/(-17)*24/(-14)?
2, 3
Let b(i) = -4*i**3 - 11*i**2 - 5*i + 8. List the prime factors of b(-6).
2, 11, 23
Suppose -3*s - 104 = -f, 2*s + 295 = 3*f - 10. List the prime factors of f.
101
Suppose -k + 3*k - 3*w - 193 = 0, 3*k - 252 = -3*w. Let d = 35 + k. List the prime factors of d.
2, 31
Suppose -4*x + 4*q = -20, -6*q - 3 = 3*x - 3*q. Let y(r) = 17*r**3 - r + 2. What are the prime factors of y(x)?
2, 17
Let d = 84 - -1241. List the prime factors of d.
5, 53
Suppose 61*u = 62*u - 1112. What are the prime factors of u?
2, 139
Let k(a) = -2*a**2 - 82*a + 1. List the prime factors of k(-11).
661
Suppose 0*t - 3*t = -246. Let k = 150 - t. List the prime factors of k.
2, 17
Let i = 1432 - 19. What are the prime factors of i?
3, 157
Let d(i) = 2*i**2 - 4*i - 4. Let a be d(3). Suppose -70 = -a*u - 3*n + 8*n, 2*u = -4*n + 70. List the prime factors of u.
5, 7
Let n(v) = 4*v**2 + 45*v + 27. What are the prime factors of n(-18)?
3, 19
Let s = 21 - 82. List the prime factors of (1/((-2)/s))/(25/50).
61
Suppose 8 - 10 = -s. List the prime factors of 25/((1/1)/s).
2, 5
Let k(s) = -s**2 + 9*s - 7. Let t be k(6). Let u(g) = g + 10 + 0*g - t + 19*g**2. List the prime factors of u(1).
19
Let k(i) = -2*i - 2. Let p be k(3). Let g(w) be the third derivative of w**6/120 + 3*w**5/20 + 3*w**3/2 + 133*w**2. What are the prime factors of g(p)?
73
Let u(r) = -13*r**3 - 5*r**2 + 5*r - 42. What are the prime factors of u(-6)?
2, 3, 71
Let o = 65 + -132. Let s = -9 - o. List the prime factors of s.
2, 29
Suppose -2*r - 5330 = -12*r. List the prime factors of r.
13, 41
Suppose -20 = 5*q + 40. List the prime factors of (16/q)/((-5)/((-390)/(-4))).
2, 13
Suppose 5*w - 3*w - l = -4, -4*l = 3*w - 16. Suppose w*c = -3*c - 6, 0 = -3*u - 4*c + 466. What are the prime factors of u?
2, 79
Suppose -2*r + 6 = 0, 726 = 3*t - 4*r - 981. List the prime factors of t.
3, 191
Suppose 5 - 7 = -p. Suppose -p*b + 9*b - 238 = 0. List the prime factors of b.
2, 17
Suppose -12*w + 15692 = -8*w. List the prime factors of w.
3923
Let r(w) = -w**3 - 12*w**2 + w + 12. Let g = 6 + -18. Let k be r(g). Suppose -3*j = -k*x + x - 66, 5 = j. List the prime factors of x.
3, 17
What are the prime factors of (-1484)/(-6)*216/252?
2, 53
List the prime factors of (15*-1)/(45/(-1590)).
2, 5, 53
Suppose 2*h - 6790 + 2135 = -3*d, -d + 2*h + 1565 = 0. What are the prime factors of d?
5, 311
What are the prime factors of -7*(-108)/(1 - -1) + -5?
373
Suppose -2*p + 3*s = -13, -p + s + 8 = -s. Let j(h) = -3 + 7 - p*h + 6*h. What are the prime factors of j(7)?
2
Suppose -3*b - 8 = b. Let t be -8*(-17)/(-4)*b. Suppose 8*l - 4*l - t = 0. What are the prime factors of l?
17
Let a = 674 + 4233. What are the prime factors of a?
7, 701
Let y = 648 + -626. List the prime factors of y.
2, 11
Let z = -312 + 618. List the prime factors of z.
2, 3, 17
Let k(v) = -v**3 + 28*v**2 - 4*v + 36. List the prime factors of k(27).
3, 73
Suppose 13 + 2 = 5*d. Suppose -d*u - 591 = -4*a, -a - 3*u - 741 = -6*a. What are the prime factors of a?
2, 3, 5
Suppose z - 1592 = -7*a + 3*a, -z = a - 395. List the prime factors of a.
3, 7, 19
Let g(d) = 68*d**2 - 5*d - 5. List the prime factors of g(-1).
2, 17
Let s be 147 - (-5)/((-20)/16). Let d = s - 42. What are the prime factors of d?
101
Let l(a) = 77*a - 52. What are the prime factors of l(4)?
2
Suppose -4 = -a - 0. List the prime factors of (-1 + 69)*a/(32/6).
3, 17
Let g(c) = c**3 + 6*c**2 + 6*c + 7. Let v be 19/(-4) + (-2)/8 + 0. List the prime factors of g(v).
2
Suppose 4 = -3*v + 10. Suppose 4*u = v*u + 2. What are the prime factors of 13 - 2 - -1*u?
2, 3
Let u = -100 - -249. What are the prime factors of u?
149
List the prime factors of ((-123951)/79)/((-1)/1).
3, 523
Let o(c) = c - 4. Let s be o(4). Suppose 2*q = -s*q + 18. Suppose -3*n - 9 = -v + q, -72 = -2*v - 3*n. List the prime factors of v.
2, 3, 5
Suppose 0*s - 26 = -4*g + 2*s, -g + 5*s = -20. Suppose 0 = -2*u + g*x + 394, 2*u + 4*x = 428 - 70. List the prime factors of u.
11, 17
Let w(g) = -63*g + 118*g + 53 - 57*g. What are the prime factors of w(-8)?
3, 23
Let u be ((-15)/(-10))/((-12)/(-16)). Suppose u*n - 60 = -2*n. What are the prime factors of n?
3, 5
Suppose -17 = -11*r - 6. What are the prime factors of r + 398/6 - (-5)/(-15)?
67
Let t = 10 + -21. Let v(l) = -16*l**2 - 61*l - 44. Let h(f) = -3*f**2 - 12*f - 9. Let o(i) = t*h(i) + 2*v(i). List the prime factors of o(-11).
2, 11
Suppose -4*r + 544 + 504 = 0. What are the prime factors of r?
2, 131
Suppose -62*z + 80762 + 23956 = 0. List the prime factors of z.
3, 563
Let j(t) = t**2 - 8*t + 9. Let m be (-14)/(-3)*(-6)/(-4). Let x be j(m). Let q(f) = 18*f + 1. What are the prime factors of q(x)?
37
Let g = 18 - 8. Let o(h) = -h**2 + 9*h + 6. Let k be o(g). Let c(i) = -2*i**3 - 6*i**2 + 4. What are the prime factors of c(k)?
2, 3
Let z(p) = -5*p + 2*p - 5 - 1. Let l(g) = 2*g + 6. Let v be l(-6). List the prime factors of z(v).
2, 3
Let h be (-10068)/(-18) - (-2)/3. List the prime factors of (1/(-2))/((-5)/h).
2, 7
Let p(g) = -41*g + 24. Let f be p(-7). Suppose 4*b - 721 = -5*j + f, 3*j = 4*b + 632. What are the prime factors of j?
2, 13
Suppose 5 = q - 6. Let y be 1622/12 + q/(-66). Suppose -9*f = -12*f + y. List the prime factors of f.
3, 5
Let f(v) = v**3 - 14*v**2 + 18*v - 16. Let k be f(13). Let n = k + -3. What are the prime factors of n?
2, 23
Suppose -4*q - 3*d = -29, -d + 4 = q - 4. Suppose -q*v + c - 3*c = 64, 0 = -4*v + 4*c - 40. List the prime factors of v/(7 + -3) + 47.
2, 11
Let g(v) = v + 6. Let l be g(-12). What are the prime factors of -33*((-16)/l)/(-4)?
2, 11
Let p be 5/(-7) + 14/(-49). Let m be (3 + p)*76 + -3. Suppose m - 59 = 3*n. What are the prime factors of n?
2, 3, 5
Suppose 7*m - 11604 = -1055. What are the prime factors of m?
11, 137
Suppose 10*p - 12*p + 102 = 0. List the prime factors o